ate u(4).
7
Let p(s) = 2*s - 3. Let g(o) = -6*o**3 - o - 1. Let c(y) = -2*y + 21. Let q be -1 + 16 - (13 + -9). Let w be c(q). Let f be g(w). What is p(f)?
9
Suppose 0 = 4*b, -4*b + 1 = -2*y + 13. Let f be -10 + 8/(-4) + y. Let l(c) = 3*c + 6. What is l(f)?
-12
Let u(l) = 43 - 130 + 44 - 6*l**2 + 46 - l + l**3. Give u(6).
-3
Suppose 40 = -5*o + 3*l, -8*o - 5*l = -12*o - 32. Let f(z) = -z**2 - 5*z + 11. Calculate f(o).
-13
Let m(i) = 2*i**2 - 2 - i**3 - 5*i**2 + 6 + 6*i. Let g = -36 - -38. Let j be g*-1 - (8 - 6). What is m(j)?
-4
Let w(k) = -k**3 - 7*k**2 + 9*k + 10. Suppose -5 = -3*x - s - 31, -10 = 2*x - 3*s. Calculate w(x).
2
Suppose 30*l - 39*l = -72. Let t(m) = -4 + 0*m - 4 + m**2 - 6*m. What is t(l)?
8
Let i be (-2)/8 - (-429)/(-12). Let q = i + 39. Let h(j) = 8 - q*j**2 - 4*j + 2*j**2 + j - 10. What is h(-2)?
0
Suppose -5*h + 3*y - 23 = -y, 2*h - 4*y = -2. Let w(q) = -2*q - 8. Determine w(h).
6
Let q(n) = -n**2 - n + 1. Let v = 32 + -37. Let b(x) = 12*x**2 + 3*x - 4. Let y(w) = v*q(w) - b(w). Determine y(1).
-6
Let t(x) be the first derivative of x**2/2 + 2*x - 21. Suppose 3*o = 5*f - 16, 2*f + 4 = 2. Let j = 13 + o. What is t(j)?
8
Let p(g) = 25*g**2 - 1. Let d = 1278 - 1277. Determine p(d).
24
Let b(y) = y + 6. Let k be b(-5). Let x be k/3 + 98/21. Let s(t) = -2*t + 15. Let o be s(x). Let v(f) = -f + 2. Determine v(o).
-3
Let d(l) be the first derivative of -l**4/4 - 4*l**3/3 + 3*l**2 + 2*l - 2. Suppose 5*i = -b - 10, -2*i = 3*b + 19 - 2. Determine d(b).
-3
Suppose 2*t - 6 = -2. Let q(v) = 3*v**2 + 4*v - 1 - v - t*v**2 + 0*v. Give q(-5).
9
Let l(j) = -2*j**3 + 2*j**2 + 4*j - 1. Let n(b) = -5*b**3 + 4*b**2 + 11*b - 2. Let t(u) = 8*l(u) - 3*n(u). Calculate t(-3).
64
Let l(i) = -15*i - 1. Let c(m) = -60*m - 4. Let q(f) = -2*c(f) + 9*l(f). Suppose 0 = 2*s - 3 + 1. Determine q(s).
-16
Let a(n) = 5*n**2 - 8*n - 2. Let o(u) = -9*u**2 + 16*u + 3. Let q(v) = -7*a(v) - 4*o(v). Let j(d) = -d**2 + 8*d - 2. Let p(f) = 4*j(f) + 5*q(f). What is p(8)?
2
Let f = -854 + 856. Let b(r) = 6*r**2 + 3*r - 3. Give b(f).
27
Let n(i) = -i**2 - 4*i + 4. Let u be (-26)/7 - 24/(-1092)*-13. Give n(u).
4
Let o(j) = -7*j + 0*j + 4*j + 2 + j**2. Suppose n + 5 = -0*n, 11 = 4*b + n. Give o(b).
6
Let j(c) = -2*c**2 - 11*c - 10. Let t(g) = -2*g**2 - 23*g - 37. Let m be t(-10). Calculate j(m).
-31
Let v(k) = 5*k + 1. Let d(p) = 4*p - 5*p + 2*p. Let s = -36 + 39. Let m(u) = s*v(u) - 21*d(u). Calculate m(2).
-9
Let p(i) = i**2 - i**2 + i**3 - 3*i**2 + 3 - 6*i. Let z(s) = s**2 + 9*s + 2. Let n be z(-9). Suppose -h - 8 = -n*y - y, -32 = -5*h - 3*y. What is p(h)?
-5
Let w = -386 + 374. Let j(t) = 3*t + 33. Give j(w).
-3
Let z(g) = -17*g + 85*g**3 + 9 - 1 + 5 - 35*g**3 + 17*g**2 - 51*g**3. What is z(16)?
-3
Let w(p) be the third derivative of -p**4/8 - p**3/3 - 4*p**2 - 211*p. Let g be (-1)/((-24)/(-21) + -1). Calculate w(g).
19
Let n(r) be the third derivative of -16*r**2 + 0*r + 1/6*r**3 + 1/12*r**4 + 0. Suppose 0 = -3*g - 0*g - 9. Give n(g).
-5
Let q(a) = -3*a - 8. Let j be q(-2). Let s(n) = n**3 + 3*n + 2. Let h(o) = 5*o**3 - o**2 + 12*o + 8. Let k(u) = j*h(u) + 9*s(u). What is k(4)?
-18
Let t(s) = -s + 3. Let f(m) = 2*m**3 - 3*m**2 + 1. Let b be f(2). Suppose 0 = 2*k + 3*l + 9, 5*l + 14 = -2*k - b. What is t(k)?
0
Let a(g) = g - 4. Suppose 5*s - 2 = 4*o + 20, -5*o = -4*s + 14. Suppose -4*f + 2*f + s = 0. Suppose -14 = -f*m + 1. Determine a(m).
1
Suppose o = -6 - 1. Let q(m) be the third derivative of m**6/120 + m**5/10 - 5*m**4/12 - 3*m**3/2 + 4*m**2 - 32. What is q(o)?
12
Let y(z) be the first derivative of -1/4*z**5 - 1/2*z**2 + 6 - 8*z + 0*z**3 + 1/12*z**4. Let q(k) be the first derivative of y(k). Calculate q(1).
-5
Suppose 5*q + 273 = -62. Let v = 61 + q. Let a(o) = -o**2 - 7*o - 1. Give a(v).
5
Let n = 45 - 36. Let k(m) = m**2 - 7*m - 8. Determine k(n).
10
Suppose -3*c = -u - 10, -3*u - 2*c + 3*c = -2. Let q be (0 - (-3 - -6)) + u. Let o(m) = -m - 1 + 2 + 5*m**3 + 2*m. Determine o(q).
-5
Let k(c) be the first derivative of -c**3/3 + 9*c**2/2 + 3*c + 224. Give k(9).
3
Let f(l) = -2*l**2 + 7*l + 16. Let w be 4/1*60/48. Let i be f(w). Let j(x) = -10*x + 1. Determine j(i).
-9
Let c(j) = -4*j**2 - 2. Let n(a) = -17*a**2 - 3*a - 11. Let u(d) = 4*c(d) - n(d). Suppose 5*x + 2*s = -37, 4*x = -0*x - s - 29. Let b = x - -4. Determine u(b).
3
Let p(k) = -4 + 230*k - 229*k + k**2 + 5. What is p(-5)?
21
Let l(h) = -h**2 - 5*h + 8. Let d(m) = -m + 27. Let i be d(16). Let t(s) = -s**3 + 12*s**2 - 9*s. Let n be t(i). Let x = 16 - n. Give l(x).
2
Let w be (-6)/9 - 14/(-21). Suppose -5*p - 2 = -4*b - w*b, -3*p - 10 = 2*b. Let i(f) = -2*f**2 - f + 2. Calculate i(b).
-4
Let i(k) be the first derivative of 49*k**4/4 - k**3/3 - 232. Determine i(1).
48
Let c be -2 + 4 + (-10)/(-5). Suppose -v - 35 = c*v. Let j(n) = n**2 + 7*n - 1. Calculate j(v).
-1
Let w = 231 - 242. Let k(i) = 2*i + 15. Calculate k(w).
-7
Let i(m) = -m**3 + 6*m**2 + 2*m - 7. Let t be i(6). Let b(a) = t*a**2 + 7*a - 5 - 4*a**2 - 16*a + 5*a. Give b(5).
0
Let u(j) be the first derivative of -j**4/4 - j**3 + j**2/2 + 3*j - 278. Let m = 3 + -6. Calculate u(m).
0
Let i(p) be the first derivative of p**3/3 - 7*p**2/2 + 9*p + 473. Determine i(2).
-1
Let a(t) = -t**3 - 9*t**2 + 4*t - 8. Let u(r) = -r**3 - 10*r**2 + 4*r - 8. Let n(d) = -5*a(d) + 4*u(d). Suppose 0 = -22*p + 14*p - 48. Determine n(p).
-4
Let c(p) be the second derivative of p**5/20 + p**4/4 - p**3 + p**2/2 + 3*p + 16. Calculate c(-5).
-19
Let h(x) = 6*x**2 - x - 7. Let g(u) = -5*u**2 + 6. Let n(b) = -5*g(b) - 4*h(b). Suppose 2*l - 876 = -884. Give n(l).
-2
Let i(b) = 4*b - 8. Let y(l) = 6*l**2 - 2*l**2 + 3*l**2 + 0*l**2 + l. Let d be y(-1). What is i(d)?
16
Suppose 7*h = 2*h + 10. Suppose 0 = -3*c - 5*w + 23, -h*w + 54 = 2*c + 2*c. Let q = -13 + c. Let t(s) = s - 4. Give t(q).
-1
Suppose 2*g - 13 = -31. Let m(c) = 2*c + 12. Let n be m(g). Let w(h) be the third derivative of -h**6/120 - h**5/12 + 7*h**4/24 + h**3 + 2*h**2. What is w(n)?
0
Let g = 7 - 2. Suppose 3*j + 3*n = 18, -4*j - g*n + 34 - 6 = 0. Let r(a) be the first derivative of a**4/4 - 2*a**3/3 + 1. Give r(j).
0
Let n(g) = g**2 - 38*g - 72. Let p be n(40). Let r(h) = -h**3 + 7*h**2 + 9*h - 8. Determine r(p).
0
Let r = 9 + -6. Suppose 2 = r*x - 1. Suppose -2*v - 11 - x = 0. Let s(w) = -2*w - 5. Calculate s(v).
7
Let c be (-6)/9 + (-8)/(-3). Suppose 0*y = 4*y + c*p + 36, -y + 3*p = 16. Let t = 7 + y. Let r(m) = -4*m - 4. Give r(t).
8
Let a(o) be the first derivative of o**2 - 1. Let r(f) = -4*f + 52. Let y be r(-20). Let u = y + -135. Determine a(u).
-6
Let q = 22 + -23. Let u be (-5 - -8) + (-2 - q). Suppose -u*j + 3 = 5*k + 18, k + 5*j = -26. Let h(f) = 14*f. Give h(k).
-14
Let r(o) = -o**2 - 1. Let x(l) = l**2 - l. Let w be x(-1). Let y be r(w). Let j(z) be the third derivative of -z**6/120 - z**5/12 - z**3/3 - z**2. What is j(y)?
-2
Let s(i) = 5*i**2 - 4*i + 34. Let d(y) = -y**2 - 2*y. Let o(r) = -6*d(r) - s(r). Determine o(-18).
2
Suppose 4*n + 6 = 3*l, -2*n = -l - l + 2. Let j be 3 + n - -3 - (6 - 7). Let t(z) = -z**3 + 3*z**2 + 2*z + 5. Determine t(j).
-3
Suppose -s = -3*a - 13, 2*s - 8*a + 5*a - 11 = 0. Let g(h) = -4*h + 2. Let v(n) = 13*n - 5. Let t(d) = s*v(d) - 7*g(d). Determine t(-3).
-10
Let q(k) = k**2 - 3*k - 1. Suppose -2*f = -7*f + 465. Suppose 2*h = 2*l - 189 - f, 139 = l + h. Let m be 4/(-7) + 780/l. Determine q(m).
9
Let s(h) = 3*h + 6. Let p be s(-1). Let t(g) = g**3 + 9 - 11 - 2*g + p*g**2 + 6. Calculate t(-3).
10
Suppose -5*p + 8*p = 3. Let w be -10 - -18 - (p + 1). Let z(t) = t**3 - 5*t**2 - 4*t + 4. Give z(w).
16
Suppose -8*k + 12 - 36 = -0. Let w(z) = -2*z. Let m(i) = i - 1. Let j(b) = -4*m(b) - 4*w(b). Determine j(k).
-8
Let u = 0 - 0. Let p be u/4 + (1 - 0). Let o(d) be the first derivative of -5*d**4/4 + d**3/3 - 3. Give o(p).
-4
Let c(s) = 3*s**2 + 4*s - 2*s**2 - 35*s - 9 + s**2. What is c(16)?
7
Let j be (4/(-6))/(4/(-96)). Suppose -4*d - j = -0. Let p(z) = -z**2 - z + 2. What is p(d)?
-10
Let c(k) = -k. Let f(a) = -3*a + 6. Let t(o) = -4*c(o) + f(o). Calculate t(0).
6
Let o(c) = 77*c**3 + 17 - 159*c**3 - 23*c**2 + 83*c**3 + 2*c - 53*c. Calculate o(25).
-8
Let b(r) = r**2 - 11*r + 28. Let d be b(7). Let n(u) be the second derivative of -u**3/6 + 9*u**2 - 7*u. What is n(d)?
1